et t = 216 - 190. Calculate the remainder when 179 is divided by t.
23
Suppose 11*w - 18 = 5*w. Suppose -w*t = -7*t + 84. Let f(l) = -l**2 + 7*l. Calculate the remainder when t is divided by f(6).
3
Let w = -14 + 21. Let o = 13 + -10. What is the remainder when w is divided by ((-2)/(-8))/(o/36)?
1
Suppose 5*b - 3*b = 6, -5*x + 3*b + 81 = 0. What is the remainder when 4 + -10*230/(-50) is divided by x?
14
Suppose -2*b + 79 + 23 = 3*x, -5*b = -4*x + 113. Calculate the remainder when (10 - 6 - 385)/(-5 + 2) is divided by x.
31
Let v(a) = -24*a - 37. What is the remainder when 353 is divided by v(-4)?
58
Let d(c) = 2*c + 3. Let m be d(-9). Let v be m/3*1 - 0. Calculate the remainder when 9 is divided by 21/9 - v/(-15).
1
Suppose 51 = 3*f - 84. Calculate the remainder when 1168 is divided by f.
43
Let h(w) = 2*w**2 + 29*w - 18. What is the remainder when 526 is divided by h(-17)?
57
Suppose -170 + 1170 = 4*r. What is the remainder when -1*6/3*r/(-4) is divided by 32?
29
Suppose -w - 269 = -2*r - 3*r, -3*w = 3*r - 165. Calculate the remainder when 140 is divided by r.
32
Let t(o) = o**2 + 3*o - 1. Suppose 1 = -5*w + 5*r + 6, -4*w - 4*r - 36 = 0. What is the remainder when 4 is divided by t(w)?
1
Calculate the remainder when 1132 is divided by 8/(-56) + (-2360)/(-56).
40
Let r(u) = u**3 - 6*u**2 - 16*u - 22. What is the remainder when r(9) is divided by (-2)/6 - (-79)/3?
25
Suppose 1940 = 31*b - 633. Calculate the remainder when b is divided by -1 - (-6 + 4 - 20).
20
Suppose 9*w + 510 = 14*w. Suppose -2*z = -36 - w. What is the remainder when z is divided by 9?
6
Let f = -1169 - -2090. Suppose 6*d - f + 333 = 0. Calculate the remainder when d is divided by 25.
23
Let o = 106 + -14. Suppose 3*f - o = -f. Suppose c = -4*r + f, -4*r - 37 = -7*c + 4*c. What is the remainder when 28 is divided by c?
13
Suppose -4*t - 5*q = -839, 4*q - 1045 = -5*t - q. Calculate the remainder when t is divided by 64.
14
Let k be 27/12*16/6. Suppose -k = -r - 2. What is the remainder when 7 - 2*(-6)/r is divided by 6?
4
Let i = 340 + -122. Calculate the remainder when i is divided by 17.
14
Suppose 49*d - 30*d = 1083. Calculate the remainder when 93 is divided by d.
36
Let t = 107 + -83. What is the remainder when 309 is divided by t?
21
Let l(m) = -m**2 + 2*m + 4. Let k be l(-2). Let u be 13/2 - (-2)/k. What is the remainder when 72 is divided by (38/u)/((-7)/(-21))?
15
Suppose -62 = -l - 9. What is the remainder when 421 is divided by l?
50
Let j(b) = b - 9. Let o be j(15). Let q = 18 - o. What is the remainder when 42 is divided by (-30)/q*(-22)/5?
9
Let k(x) = 5*x - 92. Calculate the remainder when 195 is divided by k(25).
30
Let l(v) = -12*v**3 + 3*v**2 + 4*v + 2. Suppose -5*i + 2*t = -244, -i + 82 = 5*t + 17. What is the remainder when i is divided by l(-1)?
11
Suppose -5*n = n - 120. What is the remainder when n is divided by (-18 - -17)*(-6 - 1)?
6
Calculate the remainder when 45 is divided by 165/22 - (3/6)/1.
3
Suppose 7131 + 2744 = 25*h. What is the remainder when h is divided by 66?
65
Suppose 0 = -6*f + 9*f + 27. Calculate the remainder when 43 is divided by f/(-9)*21 + (0 - -1).
21
Suppose 2*j + w - 112 = 0, 4*w - 13 = 2*j - 115. What is the remainder when 492 is divided by j?
52
Suppose -22*g - 45*g = -1943. Suppose 2*q + q - 45 = 0. Calculate the remainder when g is divided by q.
14
Suppose -60*k + 49*k + 220 = 0. Suppose 183 + 39 = 3*q. What is the remainder when q is divided by k?
14
Let c(t) = -21*t**3 - 2*t**2 - t. Let q be c(-1). Suppose q + 1 = d. Calculate the remainder when d is divided by 11.
10
Let k(w) = -2*w**2 + 29*w - 19. Calculate the remainder when k(12) is divided by 17.
7
Suppose -2*i - 88 = 94. Let y = i - -134. Calculate the remainder when y is divided by -2 + -6*8/(-6) - -5.
10
Suppose 3*k + k + 4 = 4*c, -c = 3. Calculate the remainder when 36 is divided by (-79)/k - (-2)/8.
16
Let o(h) = -h**3 + 12*h**2 + 11*h + 33. Calculate the remainder when 16 is divided by o(13).
2
Suppose 2*z - 3*c - 50 = -3*z, -z = -3*c - 22. Let w(l) = l**3 - 7*l**2 + 8*l + 8. Calculate the remainder when w(z) is divided by 22.
20
Suppose -4*c = 2*r - 124, -4*c + 176 = -r + 4*r. What is the remainder when r is divided by 50?
2
Let p(c) = c**2 - 4. Let h be p(3). Suppose 5*i - 15 = -2*a, 2*i = -a + h*a - 66. Calculate the remainder when 44 is divided by a.
14
Let u(f) = -4*f**2 - 15*f - 14. Let j be u(-5). Let q = j + 57. What is the remainder when 49 is divided by q?
13
Let t = 117 - 105. What is the remainder when 86 is divided by t?
2
Suppose -186 = 16*q - 810. Calculate the remainder when q is divided by 5.
4
Suppose 0 = 2*u - 4*k + 3*k - 210, -4*u - k = -408. Suppose 2*y - 92 = -2*y - 3*c, -2*c + 96 = 4*y. Calculate the remainder when u is divided by y.
25
Let k = -2 + 8. Suppose -n - k = -44. Suppose -9*i + 11*i - n = 0. What is the remainder when 93 is divided by i?
17
Suppose 0 = -7*s + 47 - 5. Suppose 20 = 7*z - s*z. What is the remainder when 39 is divided by z?
19
Let z = 368 - 323. What is the remainder when 133 is divided by z?
43
Suppose 2 = 5*s - 3*s. Let t(k) = k**3 + 2*k**2 - k. Let b be t(s). What is the remainder when 42 is divided by 34/b + (-6)/3?
12
Suppose 2*q + 336 = 4*q + 4*l, -2*q + 2*l = -336. Suppose -7*t = t - q. Calculate the remainder when t is divided by 4.
1
Suppose 9 + 3 = 2*j. Calculate the remainder when j is divided by -11 - -1 - (-11 + -1).
0
Let b = -622 - -634. Calculate the remainder when 171 is divided by b.
3
Let s(l) = 8*l**2 - 5*l - 2. Let p = 19 - 13. Suppose -p*n - 6 + 24 = 0. What is the remainder when s(n) is divided by 28?
27
Suppose -5*q = -3*i + 12, 2*i - 4 = -2*q + 4. Suppose w = i, 3*w - 43 = -4*h + 33. What is the remainder when 14544/234 - (-2)/(-13) is divided by h?
14
Let j be -2 - 4/(1 + -2). Suppose -j*l = l. Calculate the remainder when 43 - ((l - 2) + 1) is divided by 23.
21
Suppose 3*v = -4*i + 236, -2*v - 57 = -4*i + 159. Calculate the remainder when 277 is divided by i.
53
Let k(f) = -f**3 - 7*f**2 + 10*f + 20. Let y be k(-8). Suppose 15 = -y*s + 4*h + 51, 12 = -4*h. Calculate the remainder when 10 is divided by s.
4
Suppose 0 = v - 3*s - 9, 3*s + s = -2*v - 12. What is the remainder when 25 is divided by (v + 1 - 0)*15?
10
Suppose 1 = f - 6. Suppose 3*a - a = 4*t + 10, 0 = -t + 3*a - 10. Let w(b) = -11*b**3 - b**2 - b. Calculate the remainder when w(t) is divided by f.
4
Suppose -4*w + 3*o = 2*o - 53, 2*o - 50 = -5*w. What is the remainder when 287 is divided by w?
11
Let m(b) = 3 - 2 - b**2 + 1 - 7*b. What is the remainder when 22 is divided by m(-6)?
6
Let w(k) = 81*k. Let f be w(5). Let h = f - 284. Suppose -4*n + h = -3. What is the remainder when n is divided by 8?
7
Suppose -13 - 20 = -3*t. Calculate the remainder when 350/8 - 9/12 is divided by t.
10
Let s(k) = -k**3 - 55*k**2 + 50*k - 91. Calculate the remainder when s(-56) is divided by 60.
5
Calculate the remainder when 136 is divided by 8*2/((-16)/(-28)).
24
Suppose -c + 4*h + 11 = -19, 5*c - 180 = 5*h. Let m = 85 - 62. Suppose -5*l + 27 = -m. What is the remainder when c is divided by l?
8
Let h = 64 + -58. Calculate the remainder when h*(-2)/(-4) - -18 is divided by 8.
5
Let n be (-12)/9 - (-8)/6. Suppose -8*a + 6*a + 108 = n. What is the remainder when a is divided by 19?
16
Let h(o) = -17*o + 155. Calculate the remainder when h(7) is divided by 23.
13
Let c = -7 + 14. Let p(y) = 3*y - 9. Let j be p(c). Let d = 22 - j. Calculate the remainder when 17 is divided by d.
7
What is the remainder when 367 is divided by 5 + 7 - (14 + -6)?
3
Calculate the remainder when 38 is divided by (116/(-16))/(1/(-4)).
9
Suppose -455 + 183 = -17*l. Suppose -z = -5*c + 4 - 2, -c - 8 = -3*z. What is the remainder when l is divided by z?
1
Let r be 1/(-5) + 72/10. Let w(t) = -2*t + 10. Let v be w(r). Calculate the remainder when v/(-6)*54/4 is divided by 5.
4
What is the remainder when 2089 is divided by (-1)/(5*(-11)/935)?
15
Let v be 6 + -2 - 21/3. Calculate the remainder when 34 is divided by (2/6)/(v/(-81)).
7
Suppose a + 434 = 3*v, 24*v + 2*a = 19*v + 738. Calculate the remainder when v is divided by 15.
11
Let u be -2*((-15)/(-6) - 4). Suppose -u*j + 45 = 4*h - 44, -4*j = -3*h - 77. Calculate the remainder when j is divided by 8.
7
Suppose 0 = 